+ -258. List the prime factors of d/(-21)*((-3 - 2) + 12).
2, 3, 5
Suppose -q = 3*q + 16. Let a be ((-1)/((-15)/(-12)))/(q/10). Suppose 90 = a*l - 5*y, 12 = -3*y - 0. List the prime factors of l.
5, 7
Let s = 75 + -60. Let m = s + 174. Suppose -15*y + 18*y - m = 0. List the prime factors of y.
3, 7
Let v = -5899 - -50775. List the prime factors of v.
2, 13, 863
Let q = 966 - 2272. Let l = 1990 + q. Suppose 4*c + l = 13*c. What are the prime factors of c?
2, 19
Suppose 0 = -31*p + 4948 + 5995. Suppose -427 - p = -2*n. List the prime factors of n.
2, 3, 5, 13
Let x(v) be the first derivative of -v**4/4 + 7*v**3/3 + 7*v**2/2 + 11*v - 213. What are the prime factors of x(-5)?
2, 3, 23
Let j = -32 + 34. Suppose 4*u = 3*d - 2330, 0*d + 4*d - 3090 = j*u. List the prime factors of d.
2, 5, 7, 11
Let n = -1948 - -3127. Suppose 25*r - 22*r = n. Suppose -4*d + 1 = -l + 75, -5*l = 3*d - r. What are the prime factors of l?
2, 3, 13
Let i = 24950 - 365. List the prime factors of i.
3, 5, 11, 149
Let x(g) = -599*g + 117. List the prime factors of x(-54).
3, 3607
Suppose 708 - 4496 = 5*q + 2*s, -5*s - 1532 = 2*q. Let r = 375 - q. What are the prime factors of r?
3, 13, 29
Suppose -17 = 3*o + 7. Let s = 11 + o. Suppose -u - 267 = -s*h, 4*h - u = u + 358. List the prime factors of h.
2, 11
Let k(f) = -31*f**2 - 2*f + 1. Let g(t) = 29*t**2 + t. Let u(q) = 3*g(q) + 2*k(q). List the prime factors of u(-4).
2, 7, 29
Suppose -16*c = -58946 - 23009 + 7315. List the prime factors of c.
3, 5, 311
Let y be (3 + 25/(-20))/((-5)/(-20)). Let i = 632 - y. What are the prime factors of i?
5
Let j be (-1)/((-4)/10)*(10 - 8). Suppose j*d + 265 = 5*l, 2*l = -2*d + 33 + 61. List the prime factors of l.
2, 5
Suppose -14*s - 2401 = -23163. List the prime factors of s.
1483
Let a be (4/(-5))/(5 - 115/25). Let h = a - -6. Suppose h*s - 535 = -s + b, -5*b = 3*s - 349. List the prime factors of s.
2, 3
Suppose -3*z - 125 = -4*a, -90*a + 5*z - 37 = -91*a. Suppose 2*u + u + 4*o = -64, -4*o = 2*u + 40. Let n = a + u. What are the prime factors of n?
2
What are the prime factors of ((-3)/6)/(81/(-1543536))?
2, 3, 397
Let f = 2393 + -4473. Let m = -1458 - f. What are the prime factors of m?
2, 311
Let r be (-2)/11 - 105/(-33). List the prime factors of (-58832)/(-56) - r/(-7).
1051
Suppose 28*p - 17*p - 399812 = -17*p. What are the prime factors of p?
109, 131
Suppose -17*b = -15*b + 932. Let j = -17 - b. What are the prime factors of j?
449
Let w(t) = -174*t + 16. Let x(n) = 7832*n - 720. Let k(g) = -272*w(g) - 6*x(g). What are the prime factors of k(2)?
2, 5
Let h be ((-305)/(-122))/(10/8). What are the prime factors of h + -3 + 3 + (-1 - -1285)?
2, 643
Suppose -166*t = -4540080 + 283840. What are the prime factors of t?
2, 5, 641
Let f be (-84)/(-18)*-12*-4. Suppose 3*v - 22 = 2. Suppose f = v*d + 6*d. List the prime factors of d.
2
Let v = -54 - 416. Let g = v + 1058. What are the prime factors of g?
2, 3, 7
Let f be (-2 + 8)/(4/(-10)). Let y be (5 + f/2)*28/(-10). Suppose 0*g - 154 = -y*g. What are the prime factors of g?
2, 11
Suppose 4*b = 10*p - 5*p + 51, -p - 39 = -4*b. Let n(y) = 125*y**2 - 2*y + 1. Let l be n(1). Suppose 0 = -5*d + b*d - l. What are the prime factors of d?
31
List the prime factors of ((-11568)/(-28))/(7/98).
2, 3, 241
What are the prime factors of 4/12*-4702*-15*4/10?
2, 2351
Suppose 6*u - 41 + 5 = 0. Suppose -u*y = -12*y + 42. Suppose y*h - 18 = 675. List the prime factors of h.
3, 11
Suppose 2 = -5*y + 27. Suppose -y*s + 4565 = -2*w - 0*w, 3*s - 4*w = 2753. List the prime factors of s.
911
List the prime factors of (12/(-30)*(-10)/(-3))/(8/(-76716)).
2, 3, 2131
Let n be (64/3)/((-6)/(-279)). Let s = -144 + n. List the prime factors of 1*(s/4)/2.
2, 53
Suppose -11*h + 7158 = -10*h + a, -21426 = -3*h + 5*a. List the prime factors of h.
2, 3, 149
Let n = -1125 - -1247. Let a be (8*-79)/(-2) - 2. Suppose -a + n = -p. List the prime factors of p.
2, 3
Suppose 3*x = -w + 4*w + 39, 2*x - 4*w = 36. Suppose -310 = -2*o - x. Let m = o + 33. List the prime factors of m.
2, 23
Suppose 14*i - 5*i + 6723 = 0. Let x = 1068 + i. What are the prime factors of x?
3, 107
Let h be (-5)/1 + (-9 - -130). Let i = 121 - h. Suppose -i*q + 170 = -3*n - 854, -2*n + 806 = 4*q. What are the prime factors of q?
7, 29
Let l be 8 + (3/(-1) - (-8)/(-4)). Suppose -1951 = -l*h + 509. List the prime factors of h.
2, 5, 41
Let t(h) = -44*h**3 + 18*h**2 - 63*h - 494. List the prime factors of t(-9).
7, 4801
Suppose -4*l - 2*g = -0*g - 23802, l = -2*g + 5952. Suppose l = 8*v - 3*v. Suppose -9*p + v = 5*p. What are the prime factors of p?
5, 17
Suppose 12*w + 11*w - 269658 = 5*w. List the prime factors of w.
71, 211
Let a = -212 + 341. Suppose 322 = t - 2*m - a, -5*t = 4*m - 2241. List the prime factors of t.
449
Let m = 203 + -450. Let j = 1136 + m. List the prime factors of j.
7, 127
Let t(y) = 2585*y + 594. What are the prime factors of t(11)?
7, 11, 13, 29
Let b = -2 - -22. Suppose 3*p = -p + b. Suppose -g = -5*g - 5*j + 422, p*g - 5*j = 505. List the prime factors of g.
103
Let h = 5354 + -3054. Let d = h + -1538. What are the prime factors of d?
2, 3, 127
Let i = 7912 - 5299. What are the prime factors of i?
3, 13, 67
Suppose 0 = -28*p + 25*p - 5*a + 33522, 5*p - 55842 = a. List the prime factors of p.
3, 17, 73
Suppose -12 = 3*c, -13*i + 2*c + 688 = -14*i. Let b = i + 1217. What are the prime factors of b?
3, 179
Suppose -4*z = p - 7*z - 4469, -3*p + 13419 = -3*z. List the prime factors of p.
5, 179
Let k = 286 + -269. Suppose -k*p - 1809 + 9748 = 0. List the prime factors of p.
467
Let r(a) = 5*a + 1389 + 3*a**2 - 3*a**2 - 1384 - 13*a**3. List the prime factors of r(-2).
3, 11
Let t be 90 + 2/2*0. Let y = 2327 + -2325. Suppose 0 = -y*l + 2*h - 7*h + t, 4*h = -4*l + 180. List the prime factors of l.
3, 5
Let r(v) = 285*v - 11. Let i be r(-1). Let o = i - -630. List the prime factors of o.
2, 167
Let y(j) = 9*j**3 - 10*j**2 + 17*j + 7. Let i be y(7). List the prime factors of (-132)/198*(-2 + i/(-2)).
3, 101
Let i = -11377 + 44611. List the prime factors of i.
2, 3, 29, 191
Suppose 2*p = -3*p + 3*m + 33, 4*m = 3*p - 11. Suppose p*h + 13*h = 21274. What are the prime factors of h?
967
Let d(q) = 31*q**3 + 6*q**2 + 11*q + 1. Let p(j) = -47*j**3 - 10*j**2 - 16*j - 1. Let o(b) = 7*d(b) + 5*p(b). What are the prime factors of o(-3)?
5, 17
List the prime factors of ((-14)/(-6))/(1610/5393730).
7817
Let u = -81 - -166. Suppose -13*i + u = 4*i. Let l(p) = 8*p**2 - 9*p + 16. List the prime factors of l(i).
3, 19
Let k(h) = -7*h**3 - 5*h**2 + 5*h - 872. Let s(o) = -3*o**3 - 2*o**2 + 2*o - 437. Let j(q) = 4*k(q) - 9*s(q). List the prime factors of j(0).
5, 89
Suppose 3*z - 1322 = -4*d, -2*d + 2*z + 662 = 3*z. Suppose d = h + 201. List the prime factors of h.
131
Let g = 41782 + -22900. What are the prime factors of g?
2, 3, 1049
Suppose -228 = 5*v - 9*v. Suppose v + 223 = 2*i. What are the prime factors of i/12 - 2/3?
11
Let g(y) = 14*y**2 + 70*y - 62. List the prime factors of g(8).
2, 17, 41
Suppose 205*d = 179*d + 191022. List the prime factors of d.
3, 31, 79
Let d be (-2 - -15 - 8/(-2))*97. Suppose 4*h = 3*f - 2486, 0*h + h + d = 2*f. List the prime factors of f.
2, 3, 137
Suppose -48*r + 30423 + 374963 = 19178. List the prime factors of r.
2, 3, 149
Let n = -267 + 263. List the prime factors of 608 - 2/(-1 + 7 + n).
607
Let s(a) = a**3 - 9*a**2 + 7*a + 7. Let q be s(9). Let j = 77 - q. Suppose 0 = 4*i - 16, 5*g + j*i - 871 = 3*i. What are the prime factors of g?
3, 19
Let l(q) = q**3 - 7*q**2 + 14*q - 26. Suppose -4 = -2*u, 3*u + 41 = -2*z + 71. What are the prime factors of l(z)?
2, 431
Let k(h) = h**3 - 34*h**2 + 72*h - 708. What are the prime factors of k(52)?
2, 3, 31, 139
Suppose o - 2 = k - 11, -4*k = o - 21. Suppose -2*g = -r - k*g + 292, g + 1253 = 4*r. What are the prime factors of r?
2, 3, 13
List the prime factors of ((-26484)/(-9))/(16/24).
2, 2207
Let i be (0 + 1/(-2))*-6 + 322. Let w = 548 - i. What are the prime factors of w?
223
Let a = 5506 + -4700. What are the prime factors of a?
2, 13, 31
Suppose -4 = 2*t - 2*b, 2*t + 2*b + 16 = -0*t. Let g(q) = -q**3 - 5*q**2 - 13*q - 50. Let j be g(t). What are the prime factors of j*4*5/((-20)/(-8))?
2, 3, 5
Let w(p) = p**3 - 16*p**2 + 